{"id":72,"date":"2017-09-06T18:41:28","date_gmt":"2017-09-06T18:41:28","guid":{"rendered":"http:\/\/www.slovackymed.cz\/?page_id=72"},"modified":"2017-10-18T11:48:59","modified_gmt":"2017-10-18T11:48:59","slug":"partneri","status":"publish","type":"page","link":"https:\/\/www.slovackymed.cz\/index.php\/partneri\/","title":{"rendered":"Partne\u0159i"},"content":{"rendered":"<p>Partne\u0159i projektu &#8222;Slov\u00e1ck\u00fd med&#8220;<\/p>\n<p><a href=\"http:\/\/www.slovackymed.cz\/index.php\/partneri\/v1_novotny\/\">V\u010dela\u0159stv\u00ed NOVOTNY<\/a><\/p>\n<p>&nbsp;<\/p>\n","protected":false},"excerpt":{"rendered":"<p>Partne\u0159i projektu &#8222;Slov\u00e1ck\u00fd med&#8220; V\u010dela\u0159stv\u00ed NOVOTNY &nbsp;<\/p>\n","protected":false},"author":1,"featured_media":0,"parent":0,"menu_order":0,"comment_status":"closed","ping_status":"closed","template":"","meta":{"footnotes":""},"class_list":["post-72","page","type-page","status-publish","hentry"],"_links":{"self":[{"href":"https:\/\/www.slovackymed.cz\/index.php\/wp-json\/wp\/v2\/pages\/72"}],"collection":[{"href":"https:\/\/www.slovackymed.cz\/index.php\/wp-json\/wp\/v2\/pages"}],"about":[{"href":"https:\/\/www.slovackymed.cz\/index.php\/wp-json\/wp\/v2\/types\/page"}],"author":[{"embeddable":true,"href":"https:\/\/www.slovackymed.cz\/index.php\/wp-json\/wp\/v2\/users\/1"}],"replies":[{"embeddable":true,"href":"https:\/\/www.slovackymed.cz\/index.php\/wp-json\/wp\/v2\/comments?post=72"}],"version-history":[{"count":8,"href":"https:\/\/www.slovackymed.cz\/index.php\/wp-json\/wp\/v2\/pages\/72\/revisions"}],"predecessor-version":[{"id":158,"href":"https:\/\/www.slovackymed.cz\/index.php\/wp-json\/wp\/v2\/pages\/72\/revisions\/158"}],"wp:attachment":[{"href":"https:\/\/www.slovackymed.cz\/index.php\/wp-json\/wp\/v2\/media?parent=72"}],"curies":[{"name":"wp","href":"https:\/\/api.w.org\/{rel}","templated":true}]}}